ions digit of 53960248?
5
What is the hundred thousands digit of 39873083?
8
What is the units digit of 2960422414?
4
What is the ten thousands digit of 37448731?
4
What is the tens digit of 445379401?
0
What is the millions digit of 4350809159?
0
What is the thousands digit of 316302160?
2
What is the tens digit of 274357451?
5
What is the ten millions digit of 211000441?
1
What is the hundred thousands digit of 93911994?
9
What is the hundred thousands digit of 1030395653?
3
What is the tens digit of 394753137?
3
What is the tens digit of 405654519?
1
What is the millions digit of 31160280?
1
What is the hundred thousands digit of 402576158?
5
What is the billions digit of 2596878732?
2
What is the ten millions digit of 910136114?
1
What is the units digit of 599159986?
6
What is the hundreds digit of 147641725?
7
What is the units digit of 235758585?
5
What is the units digit of 64680703?
3
What is the units digit of 44467574?
4
What is the thousands digit of 643538776?
8
What is the ten millions digit of 43664355?
4
What is the hundred thousands digit of 15402454?
4
What is the billions digit of 3691486944?
3
What is the thousands digit of 1180499?
0
What is the tens digit of 538142703?
0
What is the millions digit of 2084809689?
4
What is the hundred millions digit of 1653836577?
6
What is the millions digit of 33700200?
3
What is the hundred thousands digit of 54164541?
1
What is the ten thousands digit of 215392369?
9
What is the ten thousands digit of 9873096?
7
What is the ten millions digit of 119172519?
1
What is the units digit of 66438721?
1
What is the units digit of 117667974?
4
What is the thousands digit of 75896985?
6
What is the tens digit of 2634021?
2
What is the thousands digit of 1335611655?
1
What is the hundreds digit of 4255983608?
6
What is the millions digit of 15837473?
5
What is the hundred millions digit of 1656826781?
6
What is the hundred thousands digit of 6800860289?
8
What is the thousands digit of 84101463?
1
What is the hundreds digit of 129064378?
3
What is the thousands digit of 814316817?
6
What is the ten millions digit of 2755110087?
5
What is the hundred thousands digit of 963357026?
3
What is the hundred millions digit of 6495222209?
4
What is the hundred thousands digit of 528136940?
1
What is the tens digit of 60557026?
2
What is the ten millions digit of 39153923?
3
What is the tens digit of 181817206?
0
What is the hundreds digit of 63522368?
3
What is the millions digit of 197911497?
7
What is the millions digit of 4158800407?
8
What is the hundreds digit of 1972718439?
4
What is the thousands digit of 2758553660?
3
What is the hundreds digit of 25277627?
6
What is the millions digit of 40424798?
0
What is the hundreds digit of 3892832204?
2
What is the hundred thousands digit of 861976?
8
What is the ten thousands digit of 4458052?
5
What is the thousands digit of 5702992947?
2
What is the ten millions digit of 367236448?
6
What is the hundred thousands digit of 3178969279?
9
What is the thousands digit of 436354947?
4
What is the hundreds digit of 1148210782?
7
What is the hundreds digit of 69167281?
2
What is the ten thousands digit of 306434289?
3
What is the hundred millions digit of 442635234?
4
What is the units digit of 235802869?
9
What is the ten thousands digit of 43146948?
4
What is the hundred thousands digit of 62641422?
6
What is the units digit of 28359071?
1
What is the millions digit of 1503158811?
3
What is the tens digit of 49779706?
0
What is the units digit of 92853693?
3
What is the units digit of 18074619?
9
What is the ten millions digit of 405939434?
0
What is the ten millions digit of 83576672?
8
What is the ten millions digit of 1015579325?
1
What is the hundred thousands digit of 156193658?
1
What is the thousands digit of 213757038?
7
What is the millions digit of 897749076?
7
What is the ten thousands digit of 15509719?
0
What is the hundred millions digit of 148336540?
1
What is the ten millions digit of 11325059?
1
What is the tens digit of 19720921?
2
What is the hundred millions digit of 509029718?
5
What is the hundred thousands digit of 1418437409?
4
What is the hundreds digit of 136582203?
2
What is the thousands digit of 94744985?
4
What is the hundred thousands digit of 1003909963?
9
What is the hundreds digit of 974516783?
7
What is the units digit of 52796200?
0
What is the thousands digit of 17607996?
7
What is the hundred thousands digit of 47676082?
6
What is the ten thousands digit of 1618679166?
7
What is the ten thousands digit of 3646649154?
4
What is the hundred millions digit of 218279375?
2
What is the thousands digit of 389517873?
7
What is the millions digit of 196457255?
6
What is the tens digit of 47171344?
4
What is the tens digit of 695636260?
6
What is the units digit of 324733128?
8
What is the hundred millions digit of 225908042?
2
What is the units digit of 122807721?
1
What is the hundred millions digit of 178597139?
1
What is the hundreds digit of 22248752?
7
What is the units digit of 1892647551?
1
What is the hundreds digit of 2173276438?
4
What is the millions digit of 197317305?
7
What is the units digit of 273207198?
8
What is the ten thousands digit of 40750717?
5
What is the thousands digit of 430690273?
0
What is the units digit of 210227307?
7
What is the thousands digit of 346356066?
6
What is the ten millions digit of 224905787?
2
What is the millions digit of 67161531?
7
What is the ten thousands digit of 4158128?
5
What is the tens digit of 1741785095?
9
What is the units digit of 483734110?
0
What is the units digit of 13817523?
3
What is the units digit of 12637970?
0
What is the hundreds digit of 469352320?
3
What is the ten thousands digit of 703621907?
2
What is the hundred millions digit of 1127881683?
1
What is the thousands digit of 1427220090?
0
What is the millions digit of 28261543?
8
What is the units digit of 371033944?
4
What is the hundred millions digit of 592103548?
5
What is the hundred millions digit of 327319907?
3
What is the thousands digit of 670520196?
0
What is the units digit of 37889086?
6
What is the units digit of 803313314?
4
What is the hundred thousands digit of 1759284337?
2
What is the hundred millions digit of 385119009?
3
What is the ten millions digit of 1916853894?
1
What is the ten millions digit of 28056756?
2
What is the ten thousands digit of 45737407?
3
What is the millions digit of 330536389?
0
What is the ten thousands digit of 77339688?
3
What is the ten thousands digit of 86048354?
4
What is the ten thousands digit of 4014088126?
8
What is the hundreds digit of 169868265?
2
What is the ten millions digit of 12468295?
1
What is the hundreds digit of 535494168?
1
What is the hundreds digit of 14527670?
6
What is the hundreds digit of 117427349?
3
What is the hundred thousands digit of 592126886?
1
What is the tens digit of 50856537?
3
What is the hundred thousands digit of 828217205?
2
What is the millions digit of 4401986959?
1
What is the ten thousands digit of 423040817?
4
What is the hundred millions digit of 1384024983?
3
What is the tens digit of 119438384?
8
What is the tens digit of 61344839?
3
What is the ten millions digit of 17004704?
1
What is the billions digit of 1202913701?
1
What is the hundred thousands digit of 7429642602?
6
What is the units digit of 173133577?
7
What is the ten millions digit of 129163272?
2
What is the hundreds digit of 698879173?
1
What is the units digit of 481331209?
9
What is the ten millions digit of 128745151?
2
What is the units digit of 17579826?
6
What is the units digit of 2535059191?
1
What is the units digit of 306505107?
7
What is the millions digit of 71047577?
1
What is the millions digit of 3309811235?
9
What is the ten millions digit of 46337698?
4
What is the hundred thousands digit of 28684849?
6
What is the thousands digit of 62327632?
7
What is the tens digit of 3491196430?
3
What is the ten millions digit of 407903067?
0
What is the hundreds digit of 64521594?
5
What is the hundred millions digit of 287502214?
2
What is the tens digit of 1944958989?
8
What is the billions digit of 1845295750?
1
What is the tens digit of 481970825?
2
What is the millions digit of 529946399?
9
What is the tens digit of 442013656?